2347067.
2347067
List the prime factors of 375584.
2, 11, 97
What are the prime factors of 726256?
2, 19, 2389
List the prime factors of 1090830.
2, 3, 5, 13, 2797
List the prime factors of 1825992.
2, 3, 7, 3623
List the prime factors of 1116421.
19, 67, 877
List the prime factors of 75197.
29, 2593
What are the prime factors of 6000199?
6000199
List the prime factors of 8586525.
3, 5, 114487
List the prime factors of 228980.
2, 5, 107
What are the prime factors of 165659?
13, 12743
What are the prime factors of 1839103?
7, 23, 11423
What are the prime factors of 772494?
2, 3, 128749
What are the prime factors of 14856120?
2, 3, 5, 29, 1423
List the prime factors of 238502.
2, 11, 37, 293
List the prime factors of 277888.
2, 13, 167
What are the prime factors of 7056833?
7, 79, 1823
What are the prime factors of 7580119?
7580119
What are the prime factors of 18029671?
11, 1639061
What are the prime factors of 544744?
2, 149, 457
List the prime factors of 341622.
2, 3, 18979
List the prime factors of 1471099.
7, 210157
List the prime factors of 647374.
2, 7, 13, 3557
List the prime factors of 1064098.
2, 7, 17, 263
What are the prime factors of 115248?
2, 3, 7
List the prime factors of 287048.
2, 53, 677
List the prime factors of 261482.
2, 13, 89, 113
List the prime factors of 519445.
5, 103889
List the prime factors of 1912091.
619, 3089
List the prime factors of 109871.
17, 23, 281
What are the prime factors of 132429?
3, 11, 4013
List the prime factors of 82393.
82393
List the prime factors of 21045.
3, 5, 23, 61
What are the prime factors of 565439?
7, 80777
What are the prime factors of 2528557?
2528557
What are the prime factors of 287426?
2, 137, 1049
List the prime factors of 43230.
2, 3, 5, 11, 131
List the prime factors of 12128315.
5, 2425663
What are the prime factors of 4359184?
2, 272449
What are the prime factors of 190582?
2, 7, 13613
What are the prime factors of 260925?
3, 5, 7, 71
List the prime factors of 3343.
3343
What are the prime factors of 170927?
170927
What are the prime factors of 20381605?
5, 79, 51599
What are the prime factors of 17272683?
3, 71081
List the prime factors of 349921.
11, 13, 2447
What are the prime factors of 856315?
5, 171263
List the prime factors of 6232382.
2, 13, 18439
What are the prime factors of 5223?
3, 1741
What are the prime factors of 2079111?
3, 693037
List the prime factors of 601877.
223, 2699
List the prime factors of 210558.
2, 3, 19, 1847
What are the prime factors of 130868?
2, 32717
List the prime factors of 2208686.
2, 1104343
What are the prime factors of 4676677?
673, 6949
List the prime factors of 30312102.
2, 3, 37, 136541
List the prime factors of 12557074.
2, 6278537
List the prime factors of 9185656.
2, 127, 9041
What are the prime factors of 1115942?
2, 109, 5119
What are the prime factors of 715156?
2, 13, 17, 809
List the prime factors of 238818.
2, 3, 53, 751
What are the prime factors of 611162?
2, 305581
List the prime factors of 783012.
2, 3, 23, 2837
List the prime factors of 4534354.
2, 11, 41, 457
List the prime factors of 310684.
2, 11, 23, 307
List the prime factors of 23901485.
5, 23, 307, 677
What are the prime factors of 5001982?
2, 1381, 1811
What are the prime factors of 256568?
2, 13, 2467
List the prime factors of 2749123.
13, 16267
What are the prime factors of 76945?
5, 11, 1399
What are the prime factors of 19565619?
3, 31, 101, 2083
List the prime factors of 2724161.
11, 247651
What are the prime factors of 9468970?
2, 5, 7, 135271
List the prime factors of 130330.
2, 5, 13033
What are the prime factors of 8373983?
8373983
What are the prime factors of 3016923?
3, 7, 13, 43, 257
What are the prime factors of 136374?
2, 3, 7, 17, 191
List the prime factors of 1414811.
79, 17909
What are the prime factors of 4636015?
5, 409, 2267
What are the prime factors of 401561?
37, 10853
What are the prime factors of 1919579?
41, 46819
What are the prime factors of 773626?
2, 7, 55259
What are the prime factors of 420128?
2, 19, 691
List the prime factors of 19236469.
7, 17, 3299
What are the prime factors of 861320?
2, 5, 61, 353
What are the prime factors of 58889?
58889
List the prime factors of 4900101.
3, 29, 151, 373
List the prime factors of 197445.
3, 5, 13163
What are the prime factors of 18192360?
2, 3, 5, 151603
List the prime factors of 158128.
2, 9883
What are the prime factors of 1154191?
41, 28151
List the prime factors of 7077172.
2, 1769293
List the prime factors of 3721415.
5, 744283
What are the prime factors of 314423?
314423
List the prime factors of 4139559.
3, 139, 1103
List the prime factors of 90020.
2, 5, 7, 643
What are the prime factors of 17368772?
2, 23, 188791
What are the prime factors of 8519267?
41, 47, 4421
What are the prime factors of 2647303?
2647303
List the prime factors of 4513997.
4513997
List the prime factors of 1846837.
1846837
List the prime factors of 1848208.
2, 115513
What are the prime factors of 24253689?
3, 1627, 4969
List the prime factors of 876999.
3, 241, 1213
What are the prime factors of 42552?
2, 3, 197
List the prime factors of 574257.
3, 67, 2857
List the prime factors of 712593.
3, 7, 11311
What are the prime factors of 417990?
2, 3, 5, 13933
List the prime factors of 34141349.
11, 3103759
What are the prime factors of 9163?
7, 11, 17
List the prime factors of 255823.
109, 2347
List the prime factors of 62242.
2, 31121
What are the prime factors of 1728600?
2, 3, 5, 43, 67
What are the prime factors of 204380?
2, 5, 11, 929
What are the prime factors of 30179249?
43, 113, 6211
What are the prime factors of 20033553?
3, 6677851
What are the prime factors of 608141?
17, 83, 431
What are the prime factors of 175771?
137, 1283
What are the prime factors of 307781?
19, 97, 167
List the prime factors of 1698990.
2, 3, 5, 56633
List the prime factors of 175999.
43, 4093
List the prime factors of 225533.
7, 11, 29, 101
List the prime factors of 5289887.
5289887
What are the prime factors of 70006?
2, 17, 29, 71
List the prime factors of 492359.
7, 37, 1901
What are the prime factors of 1513616?
2, 13, 19, 383
What are the prime factors of 2457150?
2, 3, 5, 16381
List the prime factors of 1265987.
1265987
List the prime factors of 244142.
2, 59, 2069
What are the prime factors of 1399216?
2, 7, 13, 31
List the prime factors of 1720781.
1720781
List the prime factors of 461455.
5, 41, 2251
What are the prime factors of 19516957?
19516957
List the prime factors of 1138064.
2, 71129
List the prime factors of 1113180.
2, 3, 5, 18553
What are the prime factors of 470881?
470881
List the prime factors of 38415.
3, 5, 13, 197
What are the prime factors of 263275?
5, 10531
What are the prime factors of 1794596?
2, 71, 89
List the prime factors of 9338120.
2, 5, 11, 19, 1117
List the prime factors of 2257855.
5, 17, 101, 263
What are the prime factors of 1400832?
2, 3, 19
List the prime factors of 2375756.
2, 47, 12637
List the prime factors of 27854172.
2, 3, 73, 3533
List the prime factors of 306492.
2, 3, 25541
List the prime factors of 612301.
612301
What are the prime factors of 32760?
2, 3, 5, 7, 13
What are the prime factors of 13147680?
2, 3, 5, 7, 13, 43
List the prime factors of 36608812.
2, 727, 12589
List the prime factors of 303635.
5, 60727
What are the prime factors of 5878471?
73, 80527
What are the prime factors of 1815628?
2, 453907
List the prime factors of 1720846.
2, 860423
List the prime factors of 144532.
2, 23, 1571
List the prime factors of 1966187.
83, 23689
What are the prime factors of 359411?
13, 27647
What are the prime factors of 3540793?
3540793
What are the prime factors of 176725?
5, 7069
List the prime factors of 1988457.
3, 662819
What are the prime factors of 7698734?
2, 41, 93887
What are the prime factors of 7315136?
2, 114299
What are the prime factors of 888962?
2, 37, 41, 293
List the prime factors of 16929.
3, 11, 19
List the prime factors of 390093.
3, 11, 11821
What are the prime factors of 5648030?
2, 5, 277, 2039
List the prime factors of 849686.
2, 424843
What are the prime factors of 2005734?
2, 3, 334289
List the prime factors of 1985142.
2, 3, 330857
What are the prime factors of 609959?
7, 79, 1103
List the prime factors of 436411.
19, 103, 223
List the prime 